{"id":193,"date":"2018-05-24T20:26:02","date_gmt":"2018-05-24T20:26:02","guid":{"rendered":"http:\/\/scheelke.de\/wordpress\/?page_id=193"},"modified":"2018-05-25T07:05:00","modified_gmt":"2018-05-25T07:05:00","slug":"datenschutzerklaerung","status":"publish","type":"page","link":"https:\/\/scheelke.de\/wordpress\/datenschutzerklaerung","title":{"rendered":"Datenschutzerkl\u00e4rung"},"content":{"rendered":"<h2 class=\"western\" align=\"center\"><span style=\"font-family: Calibri, serif;\"><b>Datenschutz-Information gem\u00e4\u00df Art. 13 DS-GVO bei Erhebung von personenbezogenen Daten der betroffenen Person<\/b><\/span><\/h2>\n<p class=\"western\"><span style=\"font-family: Calibri, serif;\">Mit dieser Information setzen wir die Informationspflicht der EU-Datenschutzgrundverordnung (DS-GVO) auf Basis der gesetzlichen Vorgaben f\u00fcr unsere (Ansprech)partner und Kunden so um, dass Sie mit unserem Datenschutzmanagement zufrieden sind. Sollten Sie weitere W\u00fcnsche zu Ihrem Datenschutz haben, nehmen wir Anregungen gerne entgegen. Sie k\u00f6nnen uns \u00fcber die angegebenen Kontakte erreichen \u2013 gegebenenfalls durch ein Kontaktformular, wor\u00fcber Sie uns freiwillig Ihren Namen, Ihre E-Mail Adresse sowie weitere Kontaktdaten bereitstellen, damit wir Sie wiederum kontaktieren k\u00f6nnen. <\/span><\/p>\n<p class=\"western\"><span style=\"font-family: Calibri, serif;\">Daf\u00fcr sind entsprechende Informations-Techniksysteme notwendig, wie z.B. Ihr Provider, der Provider der Webseite und unser E-Mail Provider. <\/span><\/p>\n<p class=\"western\"><span style=\"font-family: Calibri, serif;\">\u00a0<\/span><\/p>\n<h3 class=\"western\"><span style=\"font-family: Calibri, serif;\"><b>Unsere Informationen<\/b><\/span><\/h3>\n<ol>\n<li><span style=\"font-family: Calibri, serif;\">(verantwortliche Person) <\/span><\/li>\n<\/ol>\n<p><span style=\"font-family: Calibri, serif;\">\u00a0\u00a0\u00a0\u00a0\u00a0\u00a0\u00a0\u00a0\u00a0\u00a0<strong> Frank Scheelke<\/strong><\/span><\/p>\n<p><span style=\"font-family: Calibri, serif;\">\u00a0\u00a0\u00a0\u00a0\u00a0\u00a0\u00a0\u00a0\u00a0\u00a0 Im \u00dcbrigen verweisen wir auf unser Impressum im Internet.<\/span><\/p>\n<ol start=\"2\">\n<li><span style=\"font-family: Calibri, serif;\">Wir haben, soweit gesetzlich dazu verpflichtet, einen Datenschutzbeauftragten bestellt. <\/span><\/li>\n<\/ol>\n<p><span style=\"font-family: Calibri, serif;\">\u00a0\u00a0\u00a0\u00a0\u00a0\u00a0\u00a0\u00a0\u00a0 <strong>Frank Scheelke, Leineweberweg 75, 45966 Gladbeck, Tel. 02043\/51110,<\/strong><\/span><\/p>\n<ol start=\"3\">\n<li><span style=\"font-family: Calibri, serif;\">E-Mail: <\/span><span style=\"color: #0563c1;\"><u><a class=\"western\" href=\"mailto:info@scheelke.de\"><span style=\"font-family: Calibri, serif;\">info@scheelke.de<\/span><\/a><\/u><\/span><\/li>\n<li>\n<ol type=\"a\">\n<li><span style=\"font-family: Calibri, serif;\">Mit dem Ausf\u00fcllen und Absenden einer Nachricht an uns willigen Sie in die Verarbeitung personenbezogener Daten ein, da wir die Sie betreffenden personenbezogenen Daten nur f\u00fcr einen oder mehrere bestimmte Zwecke verarbeiten (z.B. Anfragen, auch im weiteren Sinn, zur Beantwortung Ihrer Anfrage, zur Abwicklung mit uns geschlossener Vertr\u00e4ge, zur Anbahnung eines Gesch\u00e4ftsabschlusses, f\u00fcr die technische Verwaltung und einen etwaigen Newsletter, der \u00fcber unsere Angebote gelegentlich informiert). <\/span><\/li>\n<li><span style=\"font-family: Calibri, serif;\">Die Rechtsgrundlagen f\u00fcr die Verarbeitung finden sich in Artikel 6 (1) insbesondere Art. 6 (1 lit. b) DS-GVO. <\/span><\/li>\n<\/ol>\n<\/li>\n<\/ol>\n<ol start=\"5\">\n<li><span style=\"font-family: Calibri, serif;\">Empf\u00e4nger der Sie betreffenden personenbezogenen Daten sind die mit der Beantwortung von Nachrichten \u00fcber unsere Webseite beauftragten Mitarbeiter, die wir selbstverst\u00e4ndlich auf die Einhaltung der DS-GVO verpflichtet haben. Sowie selbstverst\u00e4ndlich der\/ die Inhaber und Gesch\u00e4ftsf\u00fchrer unseres Unternehmens.<\/span><span style=\"font-family: Calibri, serif;\">Soweit Dritte f\u00fcr die Daten\u00fcbermittlung\/Verarbeitung eingeschaltet werden (z.B. Steuerberater, Provider etc.) f\u00fchren wir mit diesen\u00a0\u00a0\u00a0\u00a0 Auftragsdatenverarbeitungsregelungen zur Einhaltung des gesetzlich geforderten Datenschutzes und \u00fcberwachen diese Einhaltung, soweit wir darauf Einfluss nehmen k\u00f6nnen.<\/span><\/li>\n<\/ol>\n<ol start=\"6\">\n<li><span style=\"font-family: Calibri, serif;\">Wir speichern die Sie betreffenden personenbezogenen Daten nur solange, wie es f\u00fcr einen oder mehrere bestimmte Zwecke notwendig ist, um Ihr bzw. Ihre Anliegen in der \u00fcbermittelten Nachricht vollst\u00e4ndig zu kl\u00e4ren. <\/span><\/li>\n<\/ol>\n<ol start=\"7\">\n<li><span style=\"font-family: Calibri, serif;\">Sie haben das Recht auf Auskunft \u00fcber die Sie betreffenden, bei uns gespeicherten personenbezogenen Daten sowie auf Berichtigung unzutreffender Daten, auf L\u00f6schung von Daten, auf Einschr\u00e4nkung der Verarbeitung oder ein Widerspruchsrecht gegen die unzumutbare Verarbeitung sowie das Recht auf Daten\u00fcbertragbarkeit. <\/span><\/li>\n<\/ol>\n<ol start=\"8\">\n<li><span style=\"font-family: Calibri, serif;\">Sie haben das Recht, die Einwilligung jederzeit zu widerrufen, ohne dass die Rechtm\u00e4\u00dfigkeit der aufgrund der Einwilligung bis zum Widerruf erfolgten Verarbeitung ber\u00fchrt wird. <\/span><\/li>\n<\/ol>\n<ol start=\"9\">\n<li><span style=\"font-family: Calibri, serif;\">Sie haben das Recht, sich bei der zust\u00e4ndigen Daten-Aufsichtsbeh\u00f6rde zu beschweren. Die einzelnen Bundesl\u00e4nder haben sogenannte Landesbeauftragte f\u00fcr den Datenschutz bestellt. Die Kontaktdaten sind durch allgemeine Informationsquellen durch den Kunden selbst zu erlangen (z.B. Suche im Internet). <\/span><\/li>\n<\/ol>\n<p><span style=\"color: #ff0000;\"><span style=\"font-family: Calibri, serif;\">Aufsichtsbeh\u00f6rden finden Sie z.B. hier: <\/span><\/span><span style=\"color: #0563c1;\"><u><a class=\"western\" href=\"https:\/\/datenschutz.hessen.de\/service\/datenschutzbeauftragte-des-bundes-und-der-l%C3%A4nder\"><span style=\"font-family: Calibri, serif;\">https:\/\/datenschutz.hessen.de\/service\/datenschutzbeauftragte-des-bundes-und-der-l%C3%A4nder<\/span><\/a><\/u><\/span><span style=\"color: #ff0000;\"><span style=\"font-family: Calibri, serif;\"> ]<\/span><\/span><\/p>\n<h3><\/h3>\n","protected":false},"excerpt":{"rendered":"<p>Datenschutz-Information gem\u00e4\u00df Art. 13 DS-GVO bei Erhebung von personenbezogenen Daten der betroffenen Person Mit dieser Information setzen wir die Informationspflicht der EU-Datenschutzgrundverordnung (DS-GVO) auf Basis der gesetzlichen Vorgaben f\u00fcr unsere&hellip; <\/p>\n","protected":false},"author":1,"featured_media":0,"parent":0,"menu_order":6,"comment_status":"closed","ping_status":"closed","template":"","meta":[],"_links":{"self":[{"href":"https:\/\/scheelke.de\/wordpress\/wp-json\/wp\/v2\/pages\/193"}],"collection":[{"href":"https:\/\/scheelke.de\/wordpress\/wp-json\/wp\/v2\/pages"}],"about":[{"href":"https:\/\/scheelke.de\/wordpress\/wp-json\/wp\/v2\/types\/page"}],"author":[{"embeddable":true,"href":"https:\/\/scheelke.de\/wordpress\/wp-json\/wp\/v2\/users\/1"}],"replies":[{"embeddable":true,"href":"https:\/\/scheelke.de\/wordpress\/wp-json\/wp\/v2\/comments?post=193"}],"version-history":[{"count":6,"href":"https:\/\/scheelke.de\/wordpress\/wp-json\/wp\/v2\/pages\/193\/revisions"}],"predecessor-version":[{"id":200,"href":"https:\/\/scheelke.de\/wordpress\/wp-json\/wp\/v2\/pages\/193\/revisions\/200"}],"wp:attachment":[{"href":"https:\/\/scheelke.de\/wordpress\/wp-json\/wp\/v2\/media?parent=193"}],"curies":[{"name":"wp","href":"https:\/\/api.w.org\/{rel}","templated":true}]}}