{"id":14,"date":"2015-03-11T16:53:38","date_gmt":"2015-03-11T16:53:38","guid":{"rendered":"http:\/\/keizer-com.net\/wordpress\/?page_id=14"},"modified":"2015-04-16T16:53:29","modified_gmt":"2015-04-16T16:53:29","slug":"ueber-uns","status":"publish","type":"page","link":"https:\/\/scheelke.de\/wordpress\/","title":{"rendered":"\u00dcber uns"},"content":{"rendered":"<h1>Sauber! Etwas anderes kommt bei uns nicht in die T\u00fcte.<a href=\"http:\/\/scheelke.de\/wordpress\/wp-content\/uploads\/2015\/03\/cropped-Scheelke3.jpg\"><img loading=\"lazy\" class=\"alignright size-full wp-image-78\" src=\"http:\/\/scheelke.de\/wordpress\/wp-content\/uploads\/2015\/03\/cropped-Scheelke3.jpg\" alt=\"cropped-Scheelke3.jpg\" width=\"240\" height=\"84\" \/><\/a><\/h1>\n<p>In Textilpflege sind wir Meister!!!<\/p>\n<p>Immer neue Stoffe und Kombinationen aus anspruchsvollen Materialien bed\u00fcrfen eines genauen Wissens dar\u00fcber, wie sie zu behandeln sind. Als Meisterbetrieb in zweiter Generation haben wir einen besonderen Qualit\u00e4ts- und Sorgfaltsanspruch an den Umgang mit Ihren wertvollen Textilien.<\/p>\n<p>Aus diesem Grunde m\u00f6chten wir Ihnen einen Eindruck vermitteln, was mit den Textilien geschieht, die Sie uns anvertrauen.<\/p>\n<p><b>Wir nehmen uns Ihrer Kleidung an<\/b><\/p>\n<p>Bei der Annahme besprechen wir Ihre W\u00fcnsche wie Liefertermin, Verpackungsart oder eine zus\u00e4tzliche Ausr\u00fcstung. Ein EDV-gest\u00fctztes Kassensystem verhindert ein Verwechseln Ihres Kleidungsst\u00fcckes. Beim Sortieren findet eine Sichtpr\u00fcfung hinsichtlich besonderer Eigenschaften und Verschmutzungsart statt. Hier wird entschieden, ob das Textil chemisch oder nass gereinigt wird. Zudem werden die Tascheninhalte kontrolliert. Im Sammelkorb gelangt Ihr St\u00fcck in die Detachur zum Vorbehandeln, wo nach Empfindlichkeit und Farbe sortiert wird. Jeder Fleck wird chemisch angel\u00f6st und mit spezieller Seife in Schwebe gehalten, um ihn in der Reinigungsmaschine heraus-zusp\u00fclen oder mittels Wasserdampf und Pressluft aus dem Textil zu entfernen.<\/p>\n<p><b>Wir waschen nicht einfach, wir pflegen <\/b><\/p>\n<p>Bei der eigentlichen Reinigung arbeiten die Maschinen nicht mit Wasser, sondern L\u00f6semitteln. Das hat den Vorteil, Naturfasern nicht aufquellen zu lassen, quasi trocken zu reinigen. Krumpfungen und Verfilzungen werden vermieden. Nach zwei Sp\u00fclg\u00e4ngen und Trocknung gelangen die Kleidungsst\u00fccke 50 Min. sp\u00e4ter in die B\u00fcgelei. Neben dem Einsatz von Finishger\u00e4ten zur Vorarbeit wird die gew\u00fcnschte B\u00fcgelqualit\u00e4t jedoch nur mit viel Erfahrung in Handarbeit erreicht. In der anschlie\u00dfenden Endkontrolle sichten wir jedes Teil noch einmal auf eventuelle Fleckenr\u00fcckst\u00e4nde und ein perfekt gegl\u00e4ttetes Aussehen, bevor Sie bei der Ausgabe Ihre Garderobe wie gew\u00fcnscht in Papier, T\u00fcte oder Folie eingepackt in Empfang nehmen k\u00f6nnen.<\/p>\n","protected":false},"excerpt":{"rendered":"<p>Sauber! Etwas anderes kommt bei uns nicht in die T\u00fcte. In Textilpflege sind wir Meister!!! Immer neue Stoffe und Kombinationen aus anspruchsvollen Materialien bed\u00fcrfen eines genauen Wissens dar\u00fcber, wie sie&hellip; <\/p>\n","protected":false},"author":1,"featured_media":0,"parent":0,"menu_order":0,"comment_status":"closed","ping_status":"closed","template":"","meta":[],"_links":{"self":[{"href":"https:\/\/scheelke.de\/wordpress\/wp-json\/wp\/v2\/pages\/14"}],"collection":[{"href":"https:\/\/scheelke.de\/wordpress\/wp-json\/wp\/v2\/pages"}],"about":[{"href":"https:\/\/scheelke.de\/wordpress\/wp-json\/wp\/v2\/types\/page"}],"author":[{"embeddable":true,"href":"https:\/\/scheelke.de\/wordpress\/wp-json\/wp\/v2\/users\/1"}],"replies":[{"embeddable":true,"href":"https:\/\/scheelke.de\/wordpress\/wp-json\/wp\/v2\/comments?post=14"}],"version-history":[{"count":6,"href":"https:\/\/scheelke.de\/wordpress\/wp-json\/wp\/v2\/pages\/14\/revisions"}],"predecessor-version":[{"id":85,"href":"https:\/\/scheelke.de\/wordpress\/wp-json\/wp\/v2\/pages\/14\/revisions\/85"}],"wp:attachment":[{"href":"https:\/\/scheelke.de\/wordpress\/wp-json\/wp\/v2\/media?parent=14"}],"curies":[{"name":"wp","href":"https:\/\/api.w.org\/{rel}","templated":true}]}}